7, 139313
List the prime factors of 6213811661.
17, 19, 19237807
List the prime factors of 503802007.
29, 17372483
What are the prime factors of 44734998?
2, 3, 7, 11, 37, 2617
List the prime factors of 23460352.
2, 45821
List the prime factors of 7799116076.
2, 37589, 51871
List the prime factors of 4054538.
2, 2027269
List the prime factors of 266739271.
19, 709, 19801
What are the prime factors of 2033223503?
2273, 894511
What are the prime factors of 6018874205?
5, 1203774841
List the prime factors of 95980464.
2, 3, 31, 2389
List the prime factors of 383452624.
2, 127, 188707
What are the prime factors of 151415290?
2, 5, 13, 149, 7817
What are the prime factors of 484371834?
2, 3, 263, 306953
List the prime factors of 4795460754.
2, 3, 7, 487, 33493
What are the prime factors of 1318853016?
2, 3, 13, 12043
List the prime factors of 71293060.
2, 5, 97, 36749
What are the prime factors of 257646002?
2, 128823001
What are the prime factors of 1140165851?
11, 19, 257, 21227
List the prime factors of 718706774.
2, 359353387
What are the prime factors of 20958890?
2, 5, 307, 6827
What are the prime factors of 279975366?
2, 3, 11, 23
What are the prime factors of 5074804401?
3, 43, 39339569
List the prime factors of 1956869950.
2, 5, 7, 101, 197, 281
List the prime factors of 205913085.
3, 5, 7, 1961077
What are the prime factors of 465128385?
3, 5, 31008559
What are the prime factors of 3804252?
2, 3, 317021
What are the prime factors of 1682373088?
2, 11, 19, 23, 10937
List the prime factors of 493177738.
2, 246588869
What are the prime factors of 6203392841?
149, 41633509
What are the prime factors of 4017410585?
5, 803482117
What are the prime factors of 884098331?
31, 28519301
What are the prime factors of 2956642?
2, 13, 113717
List the prime factors of 307979270.
2, 5, 103, 2903
List the prime factors of 57303446.
2, 1669, 17167
What are the prime factors of 9683517?
3, 3227839
List the prime factors of 204743290.
2, 5, 67, 4561
What are the prime factors of 83836267?
41, 2044787
List the prime factors of 1730616098.
2, 43, 20123443
What are the prime factors of 957444710?
2, 5, 41, 2335231
List the prime factors of 5044420823.
13, 127, 3055373
List the prime factors of 2187619786.
2, 11, 99437263
List the prime factors of 135588530.
2, 5, 7, 11, 176089
List the prime factors of 59097440.
2, 5, 17, 21727
List the prime factors of 330291492.
2, 3, 27524291
List the prime factors of 6928022117.
19, 37, 27299
What are the prime factors of 173732648?
2, 1951, 11131
List the prime factors of 96196458.
2, 3, 263, 60961
What are the prime factors of 4363879380?
2, 3, 5, 7, 83, 125183
List the prime factors of 194209001.
7, 683, 829
List the prime factors of 394287670.
2, 5, 7, 53, 106277
List the prime factors of 292698685.
5, 58539737
What are the prime factors of 1542389438?
2, 31, 569, 43721
List the prime factors of 363787102.
2, 7, 71, 365983
What are the prime factors of 212379347?
67, 1657, 1913
What are the prime factors of 1029688643?
47, 21908269
List the prime factors of 6944363962.
2, 277, 12534953
What are the prime factors of 30653689?
11, 2786699
List the prime factors of 56819408.
2, 3551213
List the prime factors of 2907168920.
2, 5, 2857, 25439
List the prime factors of 41169530.
2, 5, 37, 111269
What are the prime factors of 838398998?
2, 419199499
What are the prime factors of 746977154?
2, 7, 11, 4850501
List the prime factors of 2636819780.
2, 5, 7, 29, 167, 3889
What are the prime factors of 82225051?
31, 2652421
List the prime factors of 8238778295.
5, 11, 8231, 18199
List the prime factors of 9522235.
5, 1904447
List the prime factors of 19186167.
3, 7, 11, 13, 6389
What are the prime factors of 2261279?
71, 31849
List the prime factors of 380020747.
37, 281, 36551
What are the prime factors of 21468310?
2, 5, 727, 2953
What are the prime factors of 115695814?
2, 13, 59, 199, 379
What are the prime factors of 6408172068?
2, 3, 31, 1439, 11971
What are the prime factors of 35073433?
433, 81001
List the prime factors of 77447.
77447
What are the prime factors of 78195555?
3, 5, 1737679
List the prime factors of 1664099519.
17, 23, 4256009
What are the prime factors of 2029959499?
2029959499
What are the prime factors of 1863045681?
3, 7, 157, 709, 797
List the prime factors of 308413231.
7, 29, 1519277
List the prime factors of 19554485.
5, 23, 7393
What are the prime factors of 1719061772?
2, 429765443
List the prime factors of 55612108.
2, 13903027
What are the prime factors of 58962948?
2, 3, 11, 59, 67, 113
List the prime factors of 475281661.
475281661
What are the prime factors of 2512699746?
2, 3, 6113, 68507
List the prime factors of 115619100.
2, 3, 5, 385397
What are the prime factors of 85951463?
13, 6611651
List the prime factors of 244158881.
7741, 31541
What are the prime factors of 6375578874?
2, 3, 7, 151799497
List the prime factors of 1017171531.
3, 79, 317, 4513
What are the prime factors of 85710572?
2, 21427643
What are the prime factors of 7217920?
2, 5, 5639
What are the prime factors of 50241383?
5881, 8543
List the prime factors of 920898936.
2, 3, 4263421
What are the prime factors of 585599662?
2, 59, 4962709
List the prime factors of 41369390.
2, 5, 4136939
List the prime factors of 1026913863.
3, 881, 388541
What are the prime factors of 35839530?
2, 3, 5, 132739
What are the prime factors of 31673247?
3, 19, 555671
What are the prime factors of 288477159?
3, 7949, 12097
List the prime factors of 2800280691.
3, 13, 23934023
List the prime factors of 561867607.
7, 37, 139, 15607
List the prime factors of 846336545.
5, 1733, 97673
What are the prime factors of 7986322354?
2, 29, 179, 769247
What are the prime factors of 1058836782?
2, 3, 197, 895801
What are the prime factors of 87035391?
3, 1074511
List the prime factors of 444945432.
2, 3, 59, 314227
List the prime factors of 76073052.
2, 3, 11, 23, 25057
What are the prime factors of 2842845604?
2, 17, 2459209
List the prime factors of 106323943.
11, 19, 508727
List the prime factors of 801671776.
2, 79, 337, 941
List the prime factors of 8005853350.
2, 5, 11, 17, 856241
What are the prime factors of 277425008?
2, 7, 911, 2719
What are the prime factors of 124570947?
3, 41523649
List the prime factors of 3249157991.
929, 3497479
List the prime factors of 775824660.
2, 3, 5, 13, 331549
List the prime factors of 113009672.
2, 23, 614183
List the prime factors of 3859567667.
47, 82118461
What are the prime factors of 77742314?
2, 13, 41, 233, 313
List the prime factors of 2494645547.
31, 4019, 20023
What are the prime factors of 14083534?
2, 67, 227, 463
What are the prime factors of 140289127?
11, 12753557
List the prime factors of 1395719853.
3, 11, 571, 74071
What are the prime factors of 43267046?
2, 163, 132721
What are the prime factors of 7425651570?
2, 3, 5, 9811, 25229
What are the prime factors of 3465693097?
37, 47, 1031, 1933
List the prime factors of 4032156.
2, 3, 193, 1741
What are the prime factors of 61441247?
7, 17, 41, 257
What are the prime factors of 32484044?
2, 8121011
What are the prime factors of 46235503?
1987, 23269
What are the prime factors of 73963927?
251, 467, 631
What are the prime factors of 113325821?
7, 16189403
What are the prime factors of 1850587963?
7, 199, 1328491
List the prime factors of 36518287.
13, 2809099
What are the prime factors of 2299743845?
5, 7, 43, 67, 22807
List the prime factors of 5516011.
5516011
List the prime factors of 346745269.
13, 19, 1403827
List the prime factors of 11754657.
3, 29, 1553
List the prime factors of 1538211363.
3, 13, 1151, 34267
List the prime factors of 343007086.
2, 109, 211, 7457
What are the prime factors of 231091110?
2, 3, 5, 19, 107, 421
List the prime factors of 784368550.
2, 5, 7, 37, 1637
List the prime factors of 1384088801.
19, 151, 25391
What are the prime factors of 6715353990?
2, 3, 5, 373, 571, 1051
List the prime factors of 1980663215.
5, 71, 541, 10313
List the prime factors of 5383143386.
2, 29, 5449, 17033
What are the prime factors of 1979279413?
31, 1787, 35729
List the prime factors of 700047195.
3, 5, 283, 164911
List the prime factors of 60134967.
3, 17, 14557
List the prime factors of 1334810783.
67, 601, 33149
List the prime factors 